{"id":2,"date":"2026-03-08T09:44:39","date_gmt":"2026-03-08T09:44:39","guid":{"rendered":"https:\/\/solarnia.info\/?page_id=2"},"modified":"2026-03-08T10:03:50","modified_gmt":"2026-03-08T10:03:50","slug":"wladze_2021_2026","status":"publish","type":"page","link":"https:\/\/solarnia.info\/index.php\/wladze_2021_2026\/","title":{"rendered":"W\u0142adze OSP Solarnia 2021-2026"},"content":{"rendered":"\n<h2 class=\"wp-block-heading\"><strong>Zarz\u0105d<\/strong><\/h2>\n\n\n\n<p><\/p>\n\n\n\n<p>Prezes: Lubomir W\u00f3jcicki<\/p>\n\n\n\n<p>Naczelnik:&nbsp;Dawid Bremer<\/p>\n\n\n\n<p>Wiceprezes: Monika Mucha<\/p>\n\n\n\n<p>Sekretarz: Marzena Kompa\u0142a<\/p>\n\n\n\n<p>Skarbnik:&nbsp;Patrycja Rajnoga<\/p>\n\n\n\n<p><\/p>\n\n\n\n<h2 class=\"wp-block-heading\"><strong>Komisja rewizyjna<\/strong><\/h2>\n\n\n\n<p>Przewodnicz\u0105cy:&nbsp;Karina Jurczyszyn<\/p>\n\n\n\n<p>Sekretarz:&nbsp;Micha\u0142 Jurczyszyn<\/p>\n\n\n\n<p>Cz\u0142onek:&nbsp;Szymon Pieprzyca<\/p>\n\n\n\n<hr class=\"wp-block-separator has-alpha-channel-opacity\"\/>\n\n\n\n<blockquote class=\"wp-block-quote is-layout-flow wp-block-quote-is-layout-flow\">\n<p>Informacje to\u017csame z wpisem do&nbsp;<strong>KRS:<\/strong>&nbsp;0000124400)<\/p>\n<\/blockquote>\n\n\n\n<p><\/p>\n","protected":false},"excerpt":{"rendered":"<p>Zarz\u0105d Prezes: Lubomir W\u00f3jcicki Naczelnik:&nbsp;Dawid Bremer Wiceprezes: Monika Mucha Sekretarz: Marzena Kompa\u0142a Skarbnik:&nbsp;Patrycja Rajnoga Komisja rewizyjna Przewodnicz\u0105cy:&nbsp;Karina Jurczyszyn Sekretarz:&nbsp;Micha\u0142 Jurczyszyn Cz\u0142onek:&nbsp;Szymon Pieprzyca Informacje to\u017csame z wpisem do&nbsp;KRS:&nbsp;0000124400)<\/p>\n","protected":false},"author":1,"featured_media":0,"parent":0,"menu_order":0,"comment_status":"closed","ping_status":"open","template":"","meta":{"footnotes":""},"class_list":["post-2","page","type-page","status-publish","hentry"],"_links":{"self":[{"href":"https:\/\/solarnia.info\/index.php\/wp-json\/wp\/v2\/pages\/2","targetHints":{"allow":["GET"]}}],"collection":[{"href":"https:\/\/solarnia.info\/index.php\/wp-json\/wp\/v2\/pages"}],"about":[{"href":"https:\/\/solarnia.info\/index.php\/wp-json\/wp\/v2\/types\/page"}],"author":[{"embeddable":true,"href":"https:\/\/solarnia.info\/index.php\/wp-json\/wp\/v2\/users\/1"}],"replies":[{"embeddable":true,"href":"https:\/\/solarnia.info\/index.php\/wp-json\/wp\/v2\/comments?post=2"}],"version-history":[{"count":3,"href":"https:\/\/solarnia.info\/index.php\/wp-json\/wp\/v2\/pages\/2\/revisions"}],"predecessor-version":[{"id":23,"href":"https:\/\/solarnia.info\/index.php\/wp-json\/wp\/v2\/pages\/2\/revisions\/23"}],"wp:attachment":[{"href":"https:\/\/solarnia.info\/index.php\/wp-json\/wp\/v2\/media?parent=2"}],"curies":[{"name":"wp","href":"https:\/\/api.w.org\/{rel}","templated":true}]}}